5
Let v be (-20)/(-70) + 2967/(-21). Let i be (-2 + 1)/(3/v). Let y = i + -38. What is the highest common factor of 72 and y?
9
Let g(x) = x**3 - 12*x**2 + 4*x - 25. Let v be g(14). Let y = -279 + v. What is the highest common factor of y and 36?
36
Suppose 0 = -d + 14 - 11. Suppose d*j - 12*j = -468. Calculate the highest common divisor of j and 78.
26
Let h(m) = m**2 + 3*m + 9. Let k be h(4). Let z = -28 + k. Let q(b) = b**2. Let u be q(3). What is the greatest common factor of u and z?
9
Suppose 5*w + 527 = -153. Let a = -79 - w. Suppose 5*o = -4*t + 78, -o + a = 2*o - t. What is the greatest common divisor of 144 and o?
18
Let t = 244 + -237. What is the highest common divisor of t and 4?
1
Let l(g) = 29*g - 29*g - 3*g**2 - 33*g**3 + 1. Let n be l(1). Let p = 50 + n. Calculate the greatest common factor of p and 10.
5
Let l = -10 - -10. Suppose 42 + l = -n. Let f = -22 - n. What is the highest common divisor of f and 50?
10
Suppose 1547 = -263*q + 270*q. What is the highest common factor of q and 39?
13
Let g(j) = -j + 13. Let f be g(9). Suppose 14 = p - n, -2*p + f*n = -p - 2. Let t = 11 + -5. What is the greatest common factor of t and p?
6
Let b = 4 + -4. Let s = b + 14. What is the greatest common factor of s and 126?
14
Suppose 26*j = 10*j + 496. Calculate the greatest common divisor of j and 1.
1
Let u(w) = w**3 - 9*w**2 + 10. Let j be u(9). Let d = -117 - -137. Calculate the greatest common factor of d and j.
10
Suppose -49 = -5*n + 31. Let j(t) be the second derivative of 13*t**3/6 - 31*t**2/2 + 46*t. Let l be j(11). What is the highest common factor of n and l?
16
Suppose -4*x - 7 = -19. Suppose l = -x + 5. Calculate the highest common divisor of l and 18.
2
Suppose -3*p + 223 = 2*m - 32, -669 = -5*m + 3*p. What is the greatest common factor of m and 12?
12
Suppose -2*q + 4 = -2. Let p be q - (0 + (-3 - -4)). Let n be 96*p/((-24)/(-9)). Calculate the greatest common factor of n and 24.
24
Suppose 2*m - 26 = 2*g, -4*g - 107 + 145 = 5*m. Calculate the greatest common factor of 65 and m.
5
Suppose 808*v = 818*v - 290. Calculate the greatest common divisor of 87 and v.
29
Let r(y) = y - 2. Let c = -11 - -19. Let d be r(c). Let p be 3/((-12)/(-23)) - (-1)/4. Calculate the highest common divisor of p and d.
6
Let m be ((-4)/8)/((-2)/(-68)). Let c = 21 + m. Let o(y) = -y**2 + 10*y - 8. Let i be o(c). Calculate the highest common divisor of 2 and i.
2
Let u(l) = 3*l + 9. Let q be (-8)/(-6)*9/4. Let d be u(q). What is the highest common factor of 18 and d?
18
Suppose 29*y - 146 = -4*a + 31*y, 4*y + 112 = 3*a. Let x = 42 + -24. What is the greatest common divisor of x and a?
18
Let i be 6*(3 + (-15)/6). Let r(u) = -3*u + 1 + 7 + 1 + i. Let v be r(-17). What is the highest common divisor of 9 and v?
9
Suppose 5*j - o - 59 = 2*o, 4*j - 43 = o. Let c be (1 - 46)*(1 - j). Suppose -2*w + c = 3*w. Calculate the highest common divisor of 9 and w.
9
Suppose 702 = -288*p + 294*p. Calculate the highest common divisor of p and 18.
9
Let l(q) = -q**2 + 11*q - 13. Let a be l(10). Let y = a + 2. Let x = y + 19. Calculate the highest common factor of x and 12.
6
Let u be 1 + 7/(-5) - 15456/(-1840). Suppose 3*s - c = 3*c + 140, 4*s = -c + 155. What is the greatest common factor of s and u?
8
Let j = -1 + 6. Suppose -j*p = -p + 12. Let h(y) = y**2 + y + 4. Let o be h(p). Calculate the highest common factor of 50 and o.
10
Let i(w) = w**3 + 5*w**2 + 4*w + 1. Let t be i(-4). Let h be t*-8*(-5)/2. Let m = 40 + h. What is the greatest common factor of m and 12?
12
Let g be 5*(2 - (2 + -1)). Let t be -1 + 1 + 0/(-3). Suppose t = -4*h + h + 15. What is the greatest common divisor of h and g?
5
Suppose 3*q - q = -5*t + 8, -2*t = q - 4. Suppose t = -5*m - 4*w + 463, 0 = 4*m + m - 2*w - 451. Calculate the greatest common divisor of m and 13.
13
Let j(p) be the second derivative of 5*p**4/12 + p**3/2 + p**2/2 + 31*p. Let d be j(2). Calculate the greatest common factor of 36 and d.
9
Let h be (-1)/((-18)/(-8))*171/(-38). Let b be (5 - h) + (-6 - -33). Calculate the greatest common factor of b and 18.
6
Suppose -69*m + 59*m + 150 = 0. Suppose -o = -0*s + 5*s - 34, -s - 14 = -5*o. What is the highest common divisor of m and s?
3
Let z = -24 + 1. Let h = -23 - z. Suppose -p + 17 = -h*p + 3*l, 0 = -3*l + 6. What is the greatest common divisor of p and 55?
11
Let i be ((-1410)/188)/(((-6)/(-8))/(-1)). What is the highest common divisor of 175 and i?
5
Let r = -126 + 182. Suppose 0 = 3*z + 4*v - r, -15 = -v - 2*v. What is the greatest common factor of 96 and z?
12
Let o = -86 + 93. Let u = o + 9. Calculate the highest common divisor of u and 32.
16
Let t = 2422 - 568. What is the highest common divisor of t and 18?
18
Let r = 332 - 282. Calculate the greatest common divisor of r and 15.
5
Let w(r) = 2*r. Suppose 13 = -o + 2. Let m = -8 - o. Let h be w(m). Calculate the greatest common factor of 54 and h.
6
Let g = 46 + -11. What is the highest common factor of g and 10?
5
Let l be (5/3)/(384/54 - 7). What is the greatest common factor of 1680 and l?
15
Let q be (-274 + 4 + -7)/(-1). Let v = q - 177. What is the highest common divisor of 25 and v?
25
Let g(k) = -3*k + 6. Let p be g(3). Let z be (1 + (4 - p))*6. Let l = 6 - -26. What is the highest common divisor of l and z?
16
Let c = 1572 + -1452. Calculate the highest common factor of c and 210.
30
Let b be ((-5)/(15/8))/((-6)/9). Suppose 212 = 2*y - 0*h + 2*h, -b*h = -8. Calculate the greatest common divisor of 13 and y.
13
Suppose -5*h + 11 = -0*h + 4*m, -3*h + 14 = -5*m. Suppose 0 = 4*l - 4*k + k - 20, -12 = -h*k. What is the greatest common divisor of l and 24?
8
Let k = -94 + 98. Let z(l) = 2*l**3 - 6*l**2 + 5*l - 4. Let s be z(k). Calculate the greatest common factor of 12 and s.
12
Suppose 5*r = 4 + 56. Let h(x) = 57 + 51 - 48 - 3*x. Let z be h(0). What is the greatest common divisor of r and z?
12
Let l = -82 + 148. Suppose 3 = 3*h, 7 = g + 3*h + 2*h. Suppose -n + 12 = 4*r - 6, -2 = g*r. What is the highest common divisor of l and n?
22
Let b(s) = s**3 + 18*s**2 + 5. Let i be b(0). Let a(j) = -j**3 + 6*j**2. Let m be a(5). Calculate the greatest common factor of i and m.
5
Let i be (2 + (-32)/20)*(-10)/2. Let t be (-11)/(3 - (-8)/i). Calculate the greatest common divisor of 55 and t.
11
Let m(p) = -p**2 + p + 1. Let u be m(0). Let x be (-2 - 1 - 0) + (18 - u). What is the greatest common factor of 42 and x?
14
Let i be ((-1713)/(-9) - 3) + (-8)/(-12). Let b = -125 + i. Calculate the greatest common factor of 18 and b.
9
Let m = 84 - 50. Calculate the greatest common factor of m and 17.
17
Let l(m) = -m**2 - 7*m - 7. Let n be l(-5). Let p(x) = 3*x**2 + 5*x - 6. Let w be p(6). Suppose w = -0*y + 4*y. Calculate the highest common factor of n and y.
3
Let u(x) = -x**2 + 16*x - 13. Let w be u(12). Let k be (-1 - 5)*w/(-15). Let q be 210/4*(-16)/(-12). What is the greatest common divisor of q and k?
14
Let s be -5*-3*8/60. Suppose -x - 2*x - 6 = -3*l, -l + s = 5*x. Suppose 3*y - 189 = -x*y. What is the highest common factor of y and 7?
7
Let r(l) = 14*l - 11. Let d be r(2). Suppose 0 = 2*b - d - 127. Suppose -18 = 2*c - 4*c. What is the highest common divisor of c and b?
9
Let q(h) be the third derivative of -h**6/60 + h**5/6 + h**3 - h**2 - 9*h. Let l be q(5). Calculate the highest common divisor of l and 16.
2
Let w(p) = -p**3 + 3*p**2 + 4*p. Let h be w(4). Let y = h + 6. Suppose -v = -y + 4. Calculate the highest common factor of 4 and v.
2
Let t be 0 - 4 - (-5 - -1). Suppose 0 = 3*m - t - 18. Calculate the greatest common divisor of m and 24.
6
Suppose 5*d = -147 + 437. Suppose -2*u + 3*i + 305 = 0, -2*i - 894 = -5*u - 159. What is the highest common divisor of d and u?
29
Let i be 27 - ((-3 - -2) + 0). Let b = 30 - 29. Suppose 4*u + 3*a = 43, -4*a + b + 19 = 0. Calculate the highest common divisor of i and u.
7
Let j be (20/30)/((-2)/75). Let d = j - -27. Let w be 75/d - (-48)/32. Calculate the greatest common divisor of w and 13.
13
Let u = 198 - 202. Let m be 1*(-5 - u) - (-238 - -3). Let i = 43 - 17. Calculate the highest common factor of i and m.
26
Let v = -246 + 371. Calculate the highest common factor of 25 and v.
25
Let a = -112 + 116. Suppose -4*r - 3*n + 5 = -6, -2*r - a*n = -8. Calculate the highest 